
Suppose -3*g + 3369 = q, 2*q = 7*q. Suppose -5*d - 3*c = -4*c - g, 3*c = -3*d + 681. Let i = d + -126. What is the remainder when i is divided by 20?
19
Suppose 0 = 4*b - 4*x - 168, 9*b + 98 = 12*b + 4*x. Calculate the remainder when 643 is divided by b.
35
Let o = -1953 + 2244. What is the remainder when o is divided by 27?
21
Let a(j) = 18*j**2 - 4*j + 1. Let z(c) = c**3 + c**2 - 3*c + 1. Let o be z(0). What is the remainder when 494 is divided by a(o)?
14
Suppose 3*z + 3 + 12 = 0, 2*q = 5*z + 57. What is the remainder when 611 is divided by q?
3
Let y = -22 + 22. Let w be (4/(-1) - y) + 7. Suppose 0 = 7*g + w*g - 1150. Calculate the remainder when g is divided by 29.
28
Suppose -34 = -4*n + m, 5*n - 5*m - 36 = -16. Calculate the remainder when 1729 is divided by n.
9
Let n = -10 - -15. Suppose n*i + 7 = t - 20, -t + i + 7 = 0. Calculate the remainder when 87 is divided by (18/(-27))/(t/(-66)).
21
What is the remainder when 101 is divided by (94 - 4)/6 - ((4 - 3) + -1)?
11
Suppose 22*x = 24*x - 16. Suppose -84 = -3*s + h, s = 2*h - 14 + 37. What is the remainder when s is divided by x?
5
Suppose 161 + 791 = 14*h. Calculate the remainder when 6182 is divided by h.
62
Suppose 5*s - 3*q = 333, q + 0*q - 131 = -2*s. Let z = -22 - -31. Let i(o) = -o**2 + 14*o - 27. What is the remainder when s is divided by i(z)?
12
Let d be (-49)/(5/45*-3). Suppose 0 = t - 5*z - 277, 3*z + 1444 = 5*t + d. Let r = t + -149. What is the remainder when r is divided by 10?
8
Suppose -7 = -2*p - 3*a, -p = 3*a + 12 - 14. Suppose 2*v + 5*y - 53 = -0*y, 3*y - 142 = -p*v. What is the remainder when 56 is divided by v?
27
Let o(k) = -k**3 + 4*k**2 + k - 7. Let f be 4 + 2 + 15/(5 + -10). Let w be o(f). Suppose -90 = -w*t - t. Calculate the remainder when t is divided by 4.
3
Suppose 0 = -3*s - 15, 2*k - 4*s = 7*k. Suppose -k = -2*d + b + 10, -d + 7 = 3*b. Let o = d - -1. What is the remainder when 14 is divided by o?
6
Suppose 0 = -4*x + 7142 + 4454. What is the remainder when x is divided by 145?
144
Let i(y) = y**2 - 6*y. Suppose 43*g + 20 = 47*g. Suppose -8 = 3*w - u + g, -5*w = 5*u + 15. What is the remainder when 73 is divided by i(w)?
33
Calculate the remainder when ((-1)/1 - 1773)*(-71)/142 is divided by 56.
47
Let w = -8 + 1. Let v = 17 + w. Let u(b) = -274*b + 576. What is the remainder when u(2) is divided by v?
8
Let g(p) = 3*p**2 + 2*p - 3. What is the remainder when (-33*5/30)/(12/(-24)) - -108 is divided by g(3)?
29
Suppose -2*b - 4*w + 71 = -239, -5*w + 155 = b. What is the remainder when 345 is divided by b?
35
Suppose -9*r - 19413 = -28359. What is the remainder when r is divided by 255?
229
Suppose -18688 = -2*f - b, -28046 = -3*f + 768*b - 773*b. What is the remainder when f is divided by 21?
18
Suppose 4*v - 8*v = -44. Let n(t) = t**3 - 2*t**2 - 11*t + 66. What is the remainder when n(4) is divided by v?
10
Suppose -4*o = -2 - 38. Let c be (-3)/((28/105)/4). What is the remainder when (2/(-10) + -1)/(3/c) is divided by o?
8
Let k(q) be the first derivative of -3*q**4/2 - 2*q**2 - 3*q - 51. Calculate the remainder when k(-2) is divided by 11.
9
Suppose -8*g + 1666 = -8*g + 17*g. What is the remainder when 419 is divided by g?
27
Let o(h) = -h**3 + 3*h**2 + 7*h + 2. Let w be o(4). Let r be (-4)/w*63/(-36)*-28. What is the remainder when 17 is divided by ((-2)/(-8))/(r/(-392))?
3
What is the remainder when 5107 is divided by (0 - -3) + ((-216)/396 - (-776)/11)?
70
Suppose -4*j + 10 = -2*a - 34, -5*j + 2*a = -53. What is the remainder when (-8 + 5 + 29)/(2/20) is divided by j?
8
Suppose -3*w + w = -12. Let t = 6 + w. What is the remainder when 2/t + 622/12 is divided by 18?
16
Suppose -346 = -101*f + 99*f - 3*l, 0 = -4*f - 2*l + 692. Calculate the remainder when 280 is divided by f.
107
Suppose v = -4, -n + 614 = n + 2*v. Let u(a) = -34*a - 118. What is the remainder when n is divided by u(-5)?
51
What is the remainder when (484228/(-51))/(36/(-27)) is divided by 108?
101
Let x = 1 + 3. Let i(z) = -87*z - 515. Let h be i(-6). Suppose -5*a + h*a - 8 = 0, -2*c = -a - 14. What is the remainder when c is divided by x?
1
Let s be (-2 + 2/1)/(14 + -12). Suppose -7*z - 6 + 41 = s. Calculate the remainder when 73 is divided by z.
3
Let h(t) = -8*t**3 - 2*t - 2. Let x be h(-2). Suppose -2*j + 83 = -3*i - x, 4*i + 87 = j. Calculate the remainder when j is divided by 14.
11
Suppose -5*h = -2*s + 11212 - 1814, -5*s = h - 23549. What is the remainder when s is divided by 6?
5
Let w be 25760/(-100) - 3/((-15)/(-2)). Let t = w - -298. Calculate the remainder when t is divided by 25.
15
Let q be 3/12*4/2*2. What is the remainder when q/((12/(-216))/(4/(-6))) is divided by 0 - ((-2 - 8) + 2)?
4
Let x = 3078 + -1976. Calculate the remainder when x is divided by 46.
44
Suppose 5*j - 1281 = 600*g - 603*g, -5*j = -g - 1253. What is the remainder when j is divided by 39?
18
Let r(u) = u**3 + 6*u**2 - 4*u + 17. Let m be r(-7). Let p(y) = 18*y + 1. Calculate the remainder when p(3) is divided by 9/12 + (-57)/m.
10
Let p(z) = z**2 + 12*z + 49. Let i be p(-9). Suppose -19*x - 30 = -i*x. Calculate the remainder when (-190)/(-5) - (-1)/1 is divided by x.
9
Suppose 4*x - 676 = -4*t, -524*x + 519*x + 5*t = -905. What is the remainder when 1044 is divided by x?
169
Let i be (2 - (-96)/(-21))/((-18)/126). Suppose 0 = -5*r - i + 103. Calculate the remainder when 169 is divided by r.
16
Suppose 45 = 3*p - 3*i, -p - 49 = -4*p + 4*i. Let a be 0 - (-404 - (-20)/(-4)). Let y = a + -366. Calculate the remainder when y is divided by p.
10
Let y(m) be the first derivative of -13/2*m**2 - 1/3*m**3 + 39*m + 33. What is the remainder when 231 is divided by y(-13)?
36
Suppose 0 = j + 5*l - 81, -l - 303 = 4*j - 8*j. Let q = -4282 - -4303. Calculate the remainder when j is divided by q.
13
Suppose -2*v - 6 = 4*w, -v - 15 = 5*w + 4*v. Suppose w = -5*o + 5*h, 3*o - 7*o - 4*h = -24. What is the remainder when 11 + 183 - (o - 0) is divided by 16?
15
Suppose -825*k = -838*k + 2431. Suppose -m + t = -t + 3, 5 = t. What is the remainder when k is divided by m?
5
Let b(m) = 533*m - 1. Suppose 2*v = 3*g + g + 18, 5*g = -v - 19. Let q be b(v). Suppose 56 - q = -4*d. Calculate the remainder when d is divided by 41.
37
Let j = 9269 + -9144. What is the remainder when 9122 is divided by j?
122
What is the remainder when 4943 is divided by 37/5*((-4862)/(-935) + 2/(-10))?
22
Suppose -q + 1214 = 3*f - 12900, 5*f = -4*q + 23535. What is the remainder when f is divided by 112?
111
Let a(n) = -n**3 + 5*n**2 + 10*n + 23. Let m be a(7). Calculate the remainder when 39/65 + (-427)/m is divided by 4.
2
Suppose 2*b = -m + 107, -401 = -4*m + 2*b - b. Suppose 2*i + 0*i = -5*k + 11, 0 = 2*k + i - 5. Calculate the remainder when m is divided by ((-4)/(20/(-65)))/k.
10
Let x(h) = 16*h - 78. What is the remainder when 2349 is divided by x(11)?
95
Let m(h) = h - 810. Let j be m(0). Calculate the remainder when j/(-16 + 7) + (-2)/(-1) is divided by 25.
17
What is the remainder when 2734/1*-14*7/70*-5 is divided by 165?
163
Let r(p) = 12*p**2 - 13*p - 1. What is the remainder when r(4) is divided by (0 - 8/12)*(-3915)/90?
23
Suppose 2*t = 10*o - 7*o + 774, -21*o = 2*t - 678. Suppose d = -3*d + 96. Calculate the remainder when t is divided by d.
21
Suppose -2*l + 84 = -5*n, 2*n = 20 - 8. What is the remainder when 640 is divided by l?
13
Let c be 285*(-8 - 460/(-30)). Suppose -20*m + m = -c. Suppose -2*k + 71 = -5*o, -4*k - 4*o - o + 157 = 0. Calculate the remainder when m is divided by k.
34
Suppose -3482*t = -3486*t + 456. What is the remainder when 434 is divided by t?
92
Let x be 10/4*444/(-10). Let z = -49 - x. Calculate the remainder when z is divided by 21.
20
Let g = 34261 - 34149. What is the remainder when 6046 is divided by g?
110
Suppose -67*h = -72*h + 20. Let l be 2/(-4)*(-33 + h/(-4)). What is the remainder when 16*(-5 + l)/2 is divided by 25?
21
Suppose -4 = -3*x + c + 60, 5*x = 4*c + 116. Calculate the remainder when 578 is divided by x.
18
Let s(d) be the first derivative of d**4/4 + 4*d**3 + d**2/2 + 15*d + 1. Let b be (480/(-180))/((-4)/(-18)). Calculate the remainder when 6 is divided by s(b).
0
Let s(k) = k - 15. Let j(t) = -14. Let q(d) = 2*j(d) - 3*s(d). Let l be q(-4). Suppose z - 43 = -l. Calculate the r